7. Determine h(-7).
13
Let v(x) = x**3 + 11*x**2 + 13*x + 17. What is v(-10)?
-13
Let o(u) = -u**3 - 2*u**2 - 2*u - 1. Determine o(-2).
3
Let z(r) = r**2 - 26*r + 15. What is z(12)?
-153
Let f(g) = 124*g - 365. Determine f(3).
7
Let j(g) = g**3 + 5*g**2 - 8*g + 27. Calculate j(-8).
-101
Let o(f) = f**2 + 15*f - 27. What is o(-18)?
27
Let b(w) = -w**2 + 7*w + 547. Give b(-20).
7
Let v(q) = -9*q - 51. Give v(-5).
-6
Let r(j) = 11*j + 12. Determine r(-3).
-21
Let m(h) = -5*h - 21. Give m(-14).
49
Let i(r) = -4*r + 22. Calculate i(16).
-42
Let l(q) = 6*q + 18. Determine l(-8).
-30
Let o(u) = -12*u - 421. Determine o(-34).
-13
Let c(s) = s**2 - 30*s + 110. Determine c(25).
-15
Let c(v) = -3*v - 1. Determine c(-7).
20
Let i(r) = r**2 - r + 25. Calculate i(0).
25
Let o(c) = -c**3 - 2*c**2 - 4*c + 22. Determine o(0).
22
Let t(k) = -16*k - 83. Calculate t(-4).
-19
Let y(m) = 3*m**3 + 2*m + 2. Calculate y(-1).
-3
Let w(k) = k**2 - 6*k + 10. Determine w(11).
65
Let x(t) = -t + 3. Calculate x(2).
1
Let n(c) = c**2 - c - 199. Give n(0).
-199
Let z(h) = h**2 - 12*h + 10. Give z(11).
-1
Let u(o) = o**2 - 28. Determine u(0).
-28
Let j(k) = 5*k - 80. What is j(19)?
15
Let n(t) = -t - 13. What is n(7)?
-20
Let a(v) = -v**2 - 4*v - 5. What is a(-7)?
-26
Let q(i) = -i. What is q(0)?
0
Let v(m) = -4*m - 7. What is v(3)?
-19
Let v(c) = c**3 - 24*c**2 + 23*c - 14. Calculate v(23).
-14
Let u(o) = 5*o**2 - 4*o - 2. Calculate u(2).
10
Let g(a) = -16*a**2 - a. Determine g(-1).
-15
Let l(f) = 5*f + 53. Determine l(-12).
-7
Let s(g) = 27*g**2 + g - 1. What is s(2)?
109
Let w(n) = -2*n**2 + 7*n + 12. Calculate w(6).
-18
Let l(u) = 4*u + 61. Determine l(-14).
5
Let w(z) = z**2 + 10*z + 5. What is w(-12)?
29
Let r(v) = -4*v + 135. Calculate r(31).
11
Let m(d) = -5*d**2 + 6*d + 10. Give m(-2).
-22
Let f(b) = 9*b + 18. Calculate f(-1).
9
Let z(b) = 5*b**2 - 43*b + 44. Determine z(8).
20
Let l(j) = 3*j**3 + 14*j**2 + j - 2. Calculate l(-4).
26
Let k(z) = -z**3 + 28*z**2 + 5*z - 68. Calculate k(28).
72
Let d(y) = y**3 - 23*y**2 + y - 17. Give d(23).
6
Let n(z) = 2*z + 27. Determine n(-13).
1
Let w(x) = -4*x - 5. What is w(6)?
-29
Let w(d) = 2*d**2 - 2*d + 2. Calculate w(1).
2
Let a(q) = 2*q**2 - 4*q - 5. Determine a(5).
25
Let r(c) = 8*c + 8. What is r(-2)?
-8
Let j(u) = -13*u - 21. Give j(5).
-86
Let j(o) = -7*o + 7. Calculate j(2).
-7
Let n(g) = -g**3 + g**2 + 2*g + 3. Determine n(-2).
11
Let f(x) = -x**2 + 12*x - 7. What is f(11)?
4
Let z(h) = 10*h**2 - 109*h - 15. What is z(11)?
-4
Let b(m) = m**3 - 4*m**2 - 6*m - 1. What is b(5)?
-6
Let g(r) = -r + 34. Determine g(-14).
48
Let r(a) = -a**3 + 4*a**2 - 2*a. Calculate r(3).
3
Let k(w) = -4*w - 11. Calculate k(14).
-67
Let w(o) = -o**3 + 7*o**2 - o - 21. Determine w(7).
-28
Let n(x) = -5*x**2 - 2*x - 2. What is n(-2)?
-18
Let l(c) = 2*c - 6. Calculate l(3).
0
Let q(r) = -r**2 + 7*r - 7. Determine q(10).
-37
Let u(m) = 5*m + 2. Give u(5).
27
Let o(v) = -v**3 + 33*v**2 + 34*v - 28. Determine o(34).
-28
Let c(f) = f**3 - 9*f**2 + f - 13. What is c(9)?
-4
Let m(k) = k**2 - 5*k - 8. What is m(8)?
16
Let z(p) = p**3 - 3*p**2 - 4*p - 4. What is z(4)?
-4
Let m(x) = x**2 + 8*x - 3. Determine m(-9).
6
Let m(p) = 2*p**3 + 32*p**2 + 3*p + 44. What is m(-16)?
-4
Let t(v) = -24*v**2 - 43*v + 7. Determine t(-2).
-3
Let z(l) = -l**2 - 3*l + 33. Calculate z(5).
-7
Let u(w) = w**3 + 9*w**2 + 13*w + 20. Determine u(-8).
-20
Let z(n) = -n**2 + 19*n + 40. Give z(21).
-2
Let c(k) = -k**3 - 2*k**2 + 5*k. Calculate c(-4).
12
Let p(b) = b**3 + 4*b**2 + 9. Give p(-4).
9
Let q(s) = -s**3 - 14*s**2 - 8*s + 79. Determine q(-13).
14
Let k(y) = -y**3 - 15*y**2 + 2*y + 194. What is k(-14)?
-30
Let w(v) = v**3 - 24*v**2 + 44*v - 6. What is w(22)?
-6
Let w(o) = -o**2 - 29*o - 3. Determine w(-29).
-3
Let v(q) = q**2 + 4*q - 8. Determine v(-2).
-12
Let y(w) = w**3 + 14*w**2 - 31*w - 3. Calculate y(-16).
-19
Let i(y) = -5*y - 13. What is i(0)?
-13
Let i(b) = 3*b**2 - 22*b - 13. Calculate i(7).
-20
Let l(w) = -w**2 - 8*w - 14. What is l(-4)?
2
Let u(y) = -2*y**2 + 7*y + 16. Give u(7).
-33
Let d(b) = -b**3 + 10*b**2 - 12*b - 15. What is d(8)?
17
Let t(z) = 2*z**3 + 35*z**2 + 13*z + 20. Calculate t(-17).
88
Let w(m) = -m**2 - 14*m - 59. What is w(-9)?
-14
Let i(r) = 42*r + 444. Give i(-10).
24
Let f(a) = 2*a**3 - 19*a**2 - 12*a + 13. Give f(10).
-7
Let y(d) = 3*d**2 + 8*d + 6. What is y(-4)?
22
Let t(m) = m**3 + 32*m**2 + 113*m + 3. What is t(-4)?
-1
Let n(j) = 74*j - 664. Calculate n(9).
2
Let n(h) = -h**3 + 7*h**2 - 4*h + 204. What is n(9)?
6
Let x(s) = -s**2 - 13*s - 13. Give x(-9).
23
Let k(y) = 2*y**2 + 3*y + 1. Calculate k(3).
28
Let g(v) = v**3 - 11*v**2 + 8. Give g(11).
8
Let f(d) = 40*d + 28. Calculate f(-2).
-52
Let r(z) = -z**2 + 2. What is r(2)?
-2
Let x(j) = -47*j + 1. What is x(1)?
-46
Let c(m) = m**3 + 12*m**2 + 18. Give c(-12).
18
Let l(s) = -s**3 + 7*s**2 - 10*s - 3. What is l(4)?
5
Let a(y) = -y - 3. What is a(11)?
-14
Let m(f) = 21*f**3 - 1. What is m(-1)?
-22
Let s(b) = -b**2 + 20*b - 24. Give s(19).
-5
Let y(l) = -l**3 - 3*l**2 + 2*l - 3. What is y(-4)?
5
Let a(i) = 15*i**2 - 6*i + 6. What is a(2)?
54
Let n(s) = 2*s**2 - 27*s + 9. Determine n(14).
23
Let f(q) = -q + 28. Determine f(28).
0
Let j(l) = 3*l + 18. Give j(-8).
-6
Let t(c) = c**3 - 4*c**2 - 35*c + 21. Determine t(8).
-3
Let f(y) = -3*y**2 - 10*y + 5. What is f(-5)?
-20
Let n(z) = z**2 + 21*z + 56. Give n(-17).
-12
Let x(f) = 2*f**2 + 12*f - 25. Give x(3).
29
Let l(n) = n**3 - 6*n**2 - 2*n + 8. Calculate l(6).
-4
Let z(d) = -46*d + 2857. Give z(62).
5
Let t(n) = 13*n**3 - 2*n**2 - 7*n + 8. Give t(1).
12
Let t(p) = 31*p**2 + 2*p. Give t(1).
33
Let s(n) = 11*n**2 - 87*n + 2. What is s(8)?
10
Let y(b) = 2*b**2 - 3*b - 3. Calculate y(4).
17
Let f(u) = -22*u + 263. Determine f(12).
-1
Let o(n) = n**2 - 9*n + 15. Calculate o(10).
25
Let x(r) = r**2 - 23*r - 175. Calculate x(-6).
-1
Let h(y) = 2*y**2 - 8*y - 15. Give h(-2).
9
Let l(h) = -h**3 - 48*h**2 - 135*h - 1. What is l(-45)?
-1
Let y(a) = -8*a + 8. Calculate y(-2).
24
Let t(d) = -2*d - 44. Determine t(-18).
-8
Let y(n) = n - 4. Give y(-5).
-9
Let g(f) = f**3 - 6*f**2 + 7. Calculate g(6).
7
Let s(j) = 4*j - 26. Give s(12).
22
Let l(u) = -u**2 - 4*u - 15. What is l(-5)?
-20
Let g(s) = s**3 + 20*s**2 + 63*s - 10. Give g(-16).
6
Let o(s) = -16*s + 126. What is o(6)?
30
Let f(i) = -6*i**3 - 2*i**2 + 3*i - 1. Calculate f(1).
-6
Let p(k) = -k**3 - k**2 + k - 13. Determine p(0).
-13
Let x(w) = w**2 - 11*w + 12. Give x(10).
2
Let j(f) = -f**3 - 3*f**2 + 4*f + 4. Determine j(-3).
-8
Let g(y) = -y**3 + 19*y**2 - 17*y - 17. Calculate g(18).
1
Let n(h) = 3*h**2 - 3*h + 3. Determine n(1).
3
Let d(r) = -r**3 - 20*r**2 + 2*r - 21. Determine d(-20).
-61
Let o(l) = 3*l + 1. Calculate o(12).
37
Let k(r) = -3*r - 1. Calculate k(-4).
11
Let n(k) = k**3 + 11*k**2 + 5*k - 16. What is n(-7)?
145
Let o(k) = 254*k + 1012. Give o(-4).
-4
Let n(m) = -11*m**3 + m**2. Give n(1).
-10
Let z(t) = -3*t + 2. Determine z(-9).
29
Let j(n) = 28*n - 225. Determine j(8).
-1
Let l(a) = -a**2 - 9*a - 7. Calculate l(-8).
1
Let p(m) = -83*m + 9. Give p(2).
-157
Let j(a) = -a**3 + 10*a**2 - 11. Calculate j(10).
-11
Let g(z) = 3*z + 6. What is g(0)?
6
Let b(z) = -z**2 - 4*z + 2. Calculate b(-5).
-3
Let a(r) = -7*r**2 - 3*r + 13. Determine a(-3).
-41
Let a(g) = g**2 + 12*g + 36. What is a(-7)?
1
Let w(k) = -2*k**3 + 6*k - 3. Calculate w(2).
-7
Let n(c) = 4*c - 64. Give n(14).
-8
Let l(m) = -m**3 + 4*m**2 + 11*m - 21. Calculate l(5).
9
Let v(u) = -3*u - 3. What is v(4)?
-15
Let s(d) = -d**3 - d**2 + 2*d + 9. Calculate s(-5).
99
Let b(w) = -w**3 + 18*w**2 - 22*w + 113. Calculate b(17).
28
Let b(n) = n**3 + 3. Determine b(-2).
-5
Let u(q) = -q - 38. Give u(-16).
-22
Let o(f) = -168*f + 495. What is o(3)?
-9
Let o(i) = 9*i - 81. What is o(9)?
0
Let b(t) = -t**2 + 12*t - 3. Calculate b(5).
32
Let h(f) = -f**2 + 7*f - 21. Calculate h(11).
-65
Let u(s) = -s**3 - 15*s**2 + 32*s - 31. Calculate u(-17).
3
Let j(s) = 21*s + 419. Give j(-20).
-1
Let b(g) = -g - 16. Give b(0).
-16
Let v(f) = -5*f + 49. Determine v(9).
4
Let f(c) = -c**3 + c**2 - 2. Calculate f(0).
-2
Let t(b) = b**3 - b**2 - 6*b + 7. Determine t(3).
7
Let o(u) = -u**3 + 7*u**2 + 8*u + 5. What is o(8)?
5
Let w(v) = v**3 + 21*v